*v + 25. Let c(j) be the third derivative of -j**4/8 - j**3 + j**2. What is the units digit of c(v)?
6
Suppose -2*t = 3*x - 6 - 14, 0 = 2*t - 8. Suppose x*o + 612 = 10*o. What is the hundreds digit of o?
1
Let r be 1338/9*(-9)/(-6). Suppose -2*o = 3*f + 2*f - 1115, f - r = -5*o. What is the tens digit of f?
2
Suppose -2*m - 4*o = -1288, m - 5*o - 1888 = -2*m. What is the units digit of m?
6
Suppose -5*k - 97 = -3*l, -2*k - k - 5*l = 31. Let t = -20 - k. What is the units digit of (t/2)/((-2)/52)?
9
Let m(f) = f**2 + 19*f - 99. What is the hundreds digit of m(21)?
7
Suppose 2*c - 796 = -c + 2*q, -5*c = 5*q - 1285. Let d be c - 0/((-2)/(-1)). Suppose 0 = 5*w - d - 48. What is the tens digit of w?
6
Let x(b) = 8*b**2 - b - 1. Let p be x(-1). Suppose -3*h - 45 = -p*h. Let w = 59 - h. What is the units digit of w?
0
Let i(y) = 15*y**2 - 6*y + 12. What is the tens digit of i(-7)?
8
Let y(z) = -z**2 - 98*z + 43. What is the thousands digit of y(-54)?
2
Let c = -414 + 1249. What is the tens digit of c?
3
Let n be 338*(-4)/(-8)*-1. Let q = 259 + n. Suppose 0*t - 3*t = -q. What is the units digit of t?
0
Let b be ((-75)/(-5))/(-5) - 85/(-1). Suppose 0 = 85*d - b*d - 522. What is the hundreds digit of d?
1
Suppose 0 = 3*d - 9 - 18. What is the tens digit of (-6)/5*(-420)/d?
5
Suppose 10*k + 540 = 16*k. Let a = k + 28. What is the units digit of a?
8
Let c be 126/15 - (-4)/(-10). Suppose x - 53 = -c. What is the units digit of x?
5
Suppose -4*b + 149 + 273 = -2*v, -309 = -3*b + 3*v. Suppose 8*m - 5*m - b = 0. What is the tens digit of m?
3
Let l be (8 + -10)/(2/6). Let k = -2 - l. Suppose -v - 33 = -k*v. What is the tens digit of v?
1
Let y(x) = -x**3 - 12*x**2 - 6*x + 9. Let f be y(-12). Suppose -6*c + f = -297. What is the units digit of c?
3
Let t be (-266)/(-4) + (-3)/6. Let v be (-2)/(2 + (-90)/46). Let o = v + t. What is the units digit of o?
0
Suppose 27254 = 19*z - 13501. What is the thousands digit of z?
2
Let b = 1968 + -1014. What is the tens digit of b?
5
Let b(f) = -f**3 - 8*f**2 - 4*f - 28. Let o be b(-8). Suppose 0 = o*d - 5*u - 37, 5*d + u - 4*u = 43. What is the units digit of d?
8
Let b be 0 + 1 + 8 + 21. Suppose b = 5*u + u. Suppose -3 = h - u. What is the units digit of h?
2
Suppose 6*x - 3*x - 6 = 0. Suppose -x*s + 5*g - 1 = -26, 3*s - 12 = -g. Suppose 424 = s*i + 154. What is the units digit of i?
4
Let n(y) = 8*y**2 - 45*y + 8. What is the units digit of n(7)?
5
Let p = 1030 + -677. What is the units digit of p?
3
Let i(p) = 11 - 2 - p - 6 + 16. Suppose -5*f = 14 - 79. What is the units digit of i(f)?
6
Let a(s) be the first derivative of s**7/840 + s**6/45 - s**5/120 - s**3/3 - 6. Let f(k) be the third derivative of a(k). What is the units digit of f(-8)?
8
Let y(r) = -8*r**2 + r + 47. Let j be y(-6). Let d = j - -425. What is the units digit of d?
8
Let g be (-41)/2 - 30/(-20). Let v = 53 - g. Suppose 2*x + 0*x = v. What is the tens digit of x?
3
Let j be (3 + (-55)/10)*-182. Suppose 0 = 162*x - 157*x - j. What is the units digit of x?
1
Suppose 0 = 3*v - 2 - 4. Suppose 0*x + v = -x. Let u(w) = -w**3 - 3*w**2 - 3*w - 1. What is the units digit of u(x)?
1
Let s be ((-8)/4)/(-2) - 15. Let h be (-108)/s + 6/21. Let l = h - -3. What is the tens digit of l?
1
Let r = -1284 - -2512. What is the thousands digit of r?
1
Suppose -4*c - 37 = 2*l - 161, 0 = -3*c + 4*l + 71. Suppose c*p - 25*p = 1072. What is the units digit of p?
8
Let j = -8862 + 13021. What is the tens digit of j?
5
Let u(i) be the second derivative of i**5/20 - 5*i**4/12 - 3*i**3/2 + 3*i**2/2 - 16*i. What is the tens digit of u(7)?
3
Let t = -20 - -25. Let c(j) = -j**3 + 5*j**2 + 3*j - 5. Let v be c(t). Suppose 2*k + 2*k - 2*u - 14 = 0, 5*k + 3*u + v = 0. What is the units digit of k?
1
Let o(a) be the second derivative of a**3/6 + 8*a**2 + 13*a. What is the units digit of o(10)?
6
Let n(f) = 3*f + 22. Let p(i) = -i - 1. Let t(c) = n(c) - 4*p(c). What is the units digit of t(8)?
2
Suppose -4494 = -3*i + 3*v, -98*v + 2 = -99*v. What is the hundreds digit of i?
4
Let t = -103 + 1396. What is the hundreds digit of t?
2
Let j(f) = 472*f**3 + 23*f - 50. What is the tens digit of j(2)?
7
Suppose 107793 + 82287 = 99*c. What is the hundreds digit of c?
9
Suppose 0*s - 2496 = -2*s. What is the hundreds digit of s?
2
Suppose 0*w - 4*w = 2*z - 2038, -2*z = -3*w + 1511. What is the units digit of w?
7
Let h be 4/10*(3 - -2). Suppose -h*w = 7*w - 1188. What is the hundreds digit of w?
1
Let s be 3/((-9)/(-8)*(-6)/9). What is the units digit of s/(1*6/(-249))?
6
Let u(o) = 17*o - 14. Let n be u(2). What is the hundreds digit of ((-2264)/12)/(n/6 + -4)?
2
Suppose 49*v - 3*g + 11055 = 54*v, -11055 = -5*v + 3*g. What is the units digit of v?
1
What is the units digit of (-5)/(-3)*7/((-385)/(-66))?
2
Let f(i) = -88*i. What is the units digit of f(-1)?
8
Let n = -13 + 16. Suppose a - n*a = 0. Let x = a - -10. What is the units digit of x?
0
Let z(g) = -2*g + 4. Let y be z(3). What is the tens digit of (9 + -10)/(y/126)?
6
Suppose n + n + 4*w - 210 = 0, 2*n - 218 = 4*w. Suppose 3*r - 223 = -2*c - 65, 0 = -2*r - 3*c + n. What is the units digit of r?
2
Suppose -6160 = -37*o + 30*o. What is the units digit of o?
0
Let h(g) be the first derivative of 2*g + 3 - 3/2*g**2. What is the tens digit of h(-7)?
2
What is the units digit of 0 - (-4 - 1) - -145?
0
Let p(x) = 106*x**2 + x. Let w be p(-1). Let u = w + -39. Suppose 4*h = h + u. What is the tens digit of h?
2
Suppose -3*w - 3 + 8 = -m, w + 2*m = -10. What is the units digit of 12/(-24)*(-2 - w)?
1
Let b(j) = -j**2 - 8*j + 12. Let t(s) = 9*s**3 - s. Let w be t(1). Let r be 35/(-4) - w/32. What is the units digit of b(r)?
3
Let h(a) = 8*a - 6. Suppose -3*b = 5*c + 16, -4*c + 2*c - 8 = 2*b. Let v be (c/4)/((-1)/6). What is the units digit of h(v)?
8
Let t = 222 + 154. Suppose 6*i + t = 2*i. Let a = -53 - i. What is the units digit of a?
1
What is the tens digit of (-194)/(-1)*(-1)/(-4)*4?
9
Let z(f) = 5 - 5*f**2 + 2*f**2 + 5*f + 0*f**2 + 2*f**2. Let s(j) = -6*j**2 + 24*j + 26. Let o(l) = 2*s(l) - 11*z(l). What is the units digit of o(-3)?
9
Let w be 8/(-32) + (-34)/(-8). Suppose -5*f + 183 = w*o, 2*f - o = -f + 120. What is the tens digit of f?
3
Let j(y) = 2*y + y + y + 3 - y**3. Let w be j(-2). Let r(i) = 3*i**2 + 5*i - 1. What is the units digit of r(w)?
1
Let c = 224 + 56. What is the hundreds digit of c?
2
What is the tens digit of 15/(105/448)*(-1 + 3)?
2
Let n(h) = -2*h - 1. Let z be n(3). Let q(b) = -8*b + 19. What is the units digit of q(z)?
5
Let k(v) = 10*v**3 - 6*v**2 - 5*v - 3. What is the hundreds digit of k(5)?
0
Let k(f) = -120*f + 133. What is the thousands digit of k(-8)?
1
Let h(z) = 43*z + 536. What is the thousands digit of h(26)?
1
Let g(b) = b**2 + 2*b - 6. Let i be g(0). Let a be ((-27)/(-2))/((-1)/i). Let r = a + -55. What is the units digit of r?
6
Suppose -472 = -16*x + 888. What is the units digit of x?
5
Suppose 3*m + 4*a - 513 = 0, -2*m + 3*a - 161 = -520. What is the units digit of m?
5
Suppose 0 = u - b - 58, -b = -u + 5*u - 232. Suppose 6*n - 5*n - u = 0. Suppose -5*j + n = 8. What is the tens digit of j?
1
Let h = -30 - -26. Let y be 36/16*(0 - h). Suppose -y = -q + 53. What is the tens digit of q?
6
Suppose 5*z = -3*y + 19, -16 = -4*y - 2*z - 0. Let r be 61/y + (-14)/(-21). Suppose -r + 5 = -4*x. What is the units digit of x?
4
What is the units digit of (205/(-41))/(1/(-9))?
5
Let n(c) be the first derivative of -c**4/2 - 8*c**3/3 - c**2 + 3*c + 1. Let h be n(-5). Suppose 0 = -4*a + 29 + h. What is the units digit of a?
3
Let q be (-3)/30*-1978 - 4/(-20). Suppose 0 = -3*r - 3*r + q. What is the tens digit of r?
3
What is the hundreds digit of 10522/14 + 52/(-91)?
7
Let k(n) = -2*n**3 + 3*n**2 - n - 9. Let h be k(3). Let b be (-1)/(-3) - (-494)/(-6). Let o = h - b. What is the tens digit of o?
4
Let b be (-2)/(-1) - (-216 - 1). Let a be (-3 + 1)/((-6)/b). Suppose 3*r + 3*x = -2*x + a, -5*x = -25. What is the tens digit of r?
1
Let o(w) = -w + 26. Let d(k) = -5*k**2 - 6. Let a be d(3). Let q be a*((-20)/12)/5. What is the units digit of o(q)?
9
Let c(b) be the first derivative of 39*b**2/2 + b + 15. What is the tens digit of c(2)?
7
Let d(x) = 3*x**2 + 11*x - 22. Let c(i) = -8*i**2 - 34*i + 65. Let k(m) = 4